
What is the units digit of 623?
3
What is the thousands digit of 7928?
7
What is the thousands digit of 1889?
1
What is the hundreds digit of 21284?
2
What is the thousands digit of 1005?
1
What is the tens digit of 37725?
2
What is the hundreds digit of 233?
2
What is the thousands digit of 25464?
5
What is the units digit of 11972?
2
What is the units digit of 658?
8
What is the thousands digit of 10111?
0
What is the hundreds digit of 6825?
8
What is the hundreds digit of 985?
9
What is the thousands digit of 4459?
4
What is the units digit of 157261?
1
What is the tens digit of 1617?
1
What is the units digit of 8770?
0
What is the hundreds digit of 641?
6
What is the units digit of 6762?
2
What is the ten thousands digit of 57387?
5
What is the units digit of 133158?
8
What is the ten thousands digit of 23646?
2
What is the tens digit of 2550?
5
What is the ten thousands digit of 21735?
2
What is the thousands digit of 2827?
2
What is the hundred thousands digit of 177699?
1
What is the thousands digit of 7195?
7
What is the units digit of 6066?
6
What is the thousands digit of 7233?
7
What is the tens digit of 518?
1
What is the tens digit of 16634?
3
What is the units digit of 1517?
7
What is the hundreds digit of 2616?
6
What is the units digit of 403?
3
What is the hundreds digit of 814?
8
What is the hundreds digit of 35636?
6
What is the tens digit of 1008?
0
What is the hundreds digit of 6232?
2
What is the hundreds digit of 3268?
2
What is the thousands digit of 69468?
9
What is the thousands digit of 1684?
1
What is the units digit of 29988?
8
What is the tens digit of 24643?
4
What is the hundreds digit of 556?
5
What is the ten thousands digit of 166019?
6
What is the hundreds digit of 2519?
5
What is the hundreds digit of 719?
7
What is the units digit of 56632?
2
What is the hundreds digit of 477?
4
What is the hundreds digit of 1040?
0
What is the hundreds digit of 43457?
4
What is the tens digit of 4867?
6
What is the units digit of 10247?
7
What is the thousands digit of 7105?
7
What is the ten thousands digit of 21746?
2
What is the thousands digit of 97130?
7
What is the hundreds digit of 5549?
5
What is the thousands digit of 9653?
9
What is the hundreds digit of 30189?
1
What is the thousands digit of 2325?
2
What is the hundreds digit of 1209?
2
What is the thousands digit of 31987?
1
What is the hundreds digit of 1627?
6
What is the units digit of 5791?
1
What is the units digit of 824?
4
What is the tens digit of 1009?
0
What is the tens digit of 5710?
1
What is the tens digit of 1415?
1
What is the hundreds digit of 63695?
6
What is the hundreds digit of 2307?
3
What is the units digit of 147?
7
What is the ten thousands digit of 16370?
1
What is the units digit of 671?
1
What is the tens digit of 38043?
4
What is the hundreds digit of 7901?
9
What is the thousands digit of 62731?
2
What is the hundreds digit of 3926?
9
What is the tens digit of 44881?
8
What is the units digit of 26012?
2
What is the units digit of 3205?
5
What is the units digit of 1172?
2
What is the units digit of 279?
9
What is the units digit of 6915?
5
What is the tens digit of 1999?
9
What is the tens digit of 642?
4
What is the ten thousands digit of 75892?
7
What is the tens digit of 5600?
0
What is the thousands digit of 3096?
3
What is the hundreds digit of 1051?
0
What is the hundreds digit of 22597?
5
What is the thousands digit of 5011?
5
What is the units digit of 51048?
8
What is the thousands digit of 8823?
8
What is the hundreds digit of 6494?
4
What is the hundreds digit of 3791?
7
What is the hundreds digit of 4338?
3
What is the tens digit of 13105?
0
What is the ten thousands digit of 30288?
3
What is the hundreds digit of 4664?
6
What is the tens digit of 504?
0
What is the units digit of 78106?
6
What is the hundreds digit of 52882?
8
What is the units digit of 1949?
9
What is the tens digit of 17817?
1
What is the tens digit of 4161?
6
What is the hundreds digit of 10644?
6
What is the hundreds digit of 688?
6
What is the tens digit of 16796?
9
What is the thousands digit of 14273?
4
What is the hundreds digit of 6703?
7
What is the hundreds digit of 54828?
8
What is the units digit of 8775?
5
What is the units digit of 828?
8
What is the thousands digit of 1872?
1
What is the hundreds digit of 12482?
4
What is the hundreds digit of 14579?
5
What is the hundreds digit of 9518?
5
What is the units digit of 11632?
2
What is the hundreds digit of 5348?
3
What is the hundreds digit of 8453?
4
What is the hundreds digit of 1423?
4
What is the units digit of 619?
9
What is the hundreds digit of 705?
7
What is the thousands digit of 9514?
9
What is the hundreds digit of 1379?
3
What is the hundreds digit of 1815?
8
What is the tens digit of 20961?
6
What is the thousands digit of 1076?
1
What is the ten thousands digit of 18004?
1
What is the tens digit of 3275?
7
What is the hundreds digit of 7230?
2
What is the tens digit of 512?
1
What is the tens digit of 631?
3
What is the units digit of 3666?
6
What is the thousands digit of 1017?
1
What is the hundreds digit of 9989?
9
What is the thousands digit of 47239?
7
What is the units digit of 2707?
7
What is the units digit of 80?
0
What is the units digit of 412?
2
What is the thousands digit of 55351?
5
What is the units digit of 3871?
1
What is the hundreds digit of 995?
9
What is the units digit of 54?
4
What is the hundreds digit of 3668?
6
What is the tens digit of 1645?
4
What is the hundreds digit of 1020?
0
What is the units digit of 840?
0
What is the thousands digit of 2002?
2
What is the tens digit of 1209?
0
What is the thousands digit of 2638?
2
What is the tens digit of 35754?
5
What is the thousands digit of 12618?
2
What is the tens digit of 71641?
4
What is the ten thousands digit of 16196?
1
What is the tens digit of 185?
8
What is the units digit of 150?
0
What is the hundred thousands digit of 119518?
1
What is the thousands digit of 2988?
2
What is the tens digit of 58403?
0
What is the units digit of 2948?
8
What is the hundreds digit of 22036?
0
What is the units digit of 288?
8
What is the hundreds digit of 4337?
3
What is the thousands digit of 1044?
1
What is the tens digit of 3043?
4
What is the hundreds digit of 19133?
1
What is the thousands digit of 5280?
5
What is the thousands digit of 4279?
4
What is the tens digit of 316?
1
What is the units digit of 1705?
5
What is the units digit of 1415?
5
What is the tens digit of 96?
9
What is the ten thousands digit of 14498?
1
What is the ten thousands digit of 150692?
5
What is the ten thousands digit of 29596?
2
What is the thousands digit of 15814?
5
What is the tens digit of 221?
2
What is the thousands digit of 1015?
1
What is the units digit of 153573?
3
What is the units digit of 1962?
2
What is the hundreds digit of 1500?
5
What is the units digit of 385?
5
What is the tens digit of 8757?
5
What is the ten thousands digit of 14365?
1
What is the units digit of 5541?
1
What is the tens digit of 3769?
6
What is the tens digit of 359?
5
What is the units digit of 231?
1
What is the tens digit of 1404?
0
What is the thousands digit of 2368?
2
What is the thousands digit of 79723?
9
What is the units digit of 5529?
9
What is the tens digit of 31662?
6
What is the hundreds digit of 35171?
1
What is the thousands digit of 11162?
1
What is the thousands digit of 13036?
3
What is the tens digit of 388?
8
What is the tens digit of 4814?
1
What is the tens digit of 11870?
7
What is the hundreds digit of 929?
9
What is the units digit of 121?
1
What is the tens digit of 1414?
1
What is the tens digit of 50610?
1
What is the units digit of 48407?
7
What is the hundreds digit of 1427?
4
What is the ten thousands digit of 38284?
3
What is the units digit of 4876?
6
What is the units digit of 6871?
1
What is the units digit of 2586?
6
What is the tens digit of 8390?
9
What is the thousands digit of 4317?
4
What is the thousands digit of 2270?
2
What is the thousands digit of 16205?
6
What is the units digit of 1?
1
What is the hundreds digit of 17195?
1
What is the hundreds digit of 3949?
9
What is the hundreds digit of 32446?
4
What is the hundreds digit of 2930?
9
What is the units digit of 6334?
4
What is